uppose q = x - 106 + 25. What is the highest common factor of 9 and x?
9
Suppose 11*g + 0*g = 231. What is the greatest common factor of g and 6?
3
Suppose 3*k - u = 7, -3*k - 22 = -6*k - 2*u. Calculate the highest common divisor of 12 and k.
4
Let t be ((-80)/6)/((-1)/3). Suppose -14 = -c - 6. Calculate the greatest common factor of c and t.
8
Let k(v) = 17*v - 31. Let h be k(13). Calculate the greatest common divisor of h and 38.
38
Suppose 6*v - 3*v = 66. Suppose 2*l - v = 3*w - 1, -2*l + w = -11. Let p = 2 + l. What is the greatest common factor of p and 25?
5
Suppose 66 = 17*w - 19. What is the greatest common factor of 40 and w?
5
Let f(j) be the first derivative of j**4/2 - j**3 + j**2/2 - j - 2. Let c be f(2). Calculate the greatest common factor of 1 and c.
1
Let h(u) = -u - u + 5 - u. Let o be h(-7). What is the greatest common divisor of o and 39?
13
Let l be 3 + 28/(-10) + 636/20. What is the greatest common divisor of 32 and l?
32
Suppose -4*q + 2*r = -2*q - 28, 0 = q - 3*r - 24. Let p be -3 + 0 + 24/4. Suppose 0 = -p*u + 255 - 93. What is the highest common factor of u and q?
9
Suppose -2*r = -r - 8. Let v = -8 + r. Suppose -3*w + v*w + 33 = -i, 3*i + 51 = 5*w. What is the highest common divisor of 4 and w?
4
Let a = -36 - -131. Let d be ((-72)/(-27) - 2/3) + 36. What is the highest common divisor of d and a?
19
Let o(g) = -4*g + 5*g + 0*g + 6. Let w = -8 + 3. Let c be o(w). Calculate the greatest common factor of 5 and c.
1
Suppose -119 = -7*x - 70. Calculate the greatest common factor of x and 7.
7
Let w be 39 - (2 - (-4)/(-4)). Suppose -w = -4*f - 3*p, -2*p + 7*p - 45 = -5*f. Calculate the highest common factor of f and 1.
1
Let v(k) = -k**2 + 7*k - 2. Let l be v(6). Suppose 2*y - 2*b + 2 = 0, -2*y + 3*b = 2 + 4. Suppose 2 = 5*f - y. What is the greatest common divisor of l and f?
1
Let a(y) be the second derivative of -1/2*y**2 + 0 - 1/2*y**3 + 3*y. Let o be a(-4). What is the highest common divisor of o and 77?
11
Suppose 0 = -0*y - 4*y + 5*d + 903, y - 2*d - 222 = 0. What is the greatest common divisor of 29 and y?
29
Let c = 318 - 186. Let n(s) = -s**3 - 9*s**2 + 10*s + 3. Let k be n(-10). Let j be 37/k - (-3)/(-9). Calculate the greatest common factor of c and j.
12
Let a(j) = 5*j + 1. Let c be a(3). Let n be -3 + -4 + 21 + 2. What is the highest common factor of n and c?
16
Suppose -f + 529 = 4*j + 2*f, -2*f - 124 = -j. Let u = -68 - -45. Let l = -10 - u. Calculate the highest common factor of l and j.
13
Let l be (-6)/16*-2*36. What is the greatest common divisor of 54 and l?
27
Suppose -4*b - b + 720 = 0. Calculate the highest common divisor of 18 and b.
18
Suppose 3*m + 16 - 216 = -a, 4*m + 410 = 2*a. Calculate the highest common divisor of a and 29.
29
Let o(a) = 3*a**3 - a**2 + 1. Let l be o(-1). Let m be l/(-2)*52/6. Let u(z) = -20*z - 1. Let r be u(-2). Calculate the greatest common factor of r and m.
13
Suppose -5*u + 50 = -5*w - 0*u, -5*w = -2*u + 47. Let l = 0 - w. Let x = -4 + l. What is the highest common factor of 10 and x?
5
Let t(a) = -a**3 - 2*a**2 + 2*a + 2. Let x be t(-2). Let b(z) = -7*z + 2. Let k be b(x). Calculate the highest common divisor of k and 128.
16
Let q(p) be the third derivative of 23*p**4/24 + p**3/2 + p**2. Let t be q(3). Suppose -5*c = 10 - 50. Calculate the greatest common divisor of c and t.
8
Suppose 0 = 49*p - 54*p + 120. What is the greatest common divisor of 456 and p?
24
Let p = 6 + 12. Suppose 2*s + 4*v = 396, s - v - 198 = 4*v. What is the highest common divisor of p and s?
18
Let s be (126/(-4) - 1)*-2. Let m = 5 - 3. Let x be s/7 - m/7. Calculate the highest common factor of x and 45.
9
Suppose j - 41 = 2*p, -2*j + p + 11 = -59. Calculate the greatest common factor of 363 and j.
33
Let d(y) = -y**2 - 9*y + 22. Let r be d(-10). Let v = -90 + 174. Calculate the highest common divisor of r and v.
12
Suppose -3*x + 360 = 4*q, 4*x - 88 - 392 = 4*q. Calculate the greatest common divisor of 40 and x.
40
Let d(r) = -5*r**3 - 2*r**2 - 2*r - 1. Let q be d(-1). Suppose -t + q*w = 14, 2*t + 0*t - 2*w = -4. What is the highest common divisor of 4 and t?
2
Let f = 25 + 5. Suppose 0 = -h - h + 4. Suppose -3*r + h*u + 33 = -u, -2*r + 37 = -5*u. Calculate the highest common factor of r and f.
6
Let s be 1 + (2 - (-54 - -2)). Suppose -20 = 5*w - s. Let v(m) = -m**2 + 8*m + 10. Let r be v(w). Calculate the highest common divisor of r and 102.
17
Suppose 28 = 5*p - 62. Calculate the highest common divisor of 3 and p.
3
Let q = -60 - -100. What is the greatest common factor of 8 and q?
8
Let y(i) = -i + 1. Let x be y(-16). What is the greatest common divisor of 102 and x?
17
Suppose 0*w - 2*w - 656 = -2*o, -4*o + 2*w = -1316. Suppose -2*g + o = g. Suppose 0 = -x - x + g. What is the highest common divisor of x and 5?
5
Let b(d) = d**3 + 5*d**2 - 7*d + 6. Let s = 0 - -3. Suppose -x + s*x + 12 = 0. Let h be b(x). Calculate the highest common divisor of 4 and h.
4
Let t(q) = -q**3 + 5*q**2 - 4*q. Let y be t(3). Let b = 6 + y. What is the greatest common divisor of b and 12?
12
Let d be (-91)/(-14) - ((-1)/(-2) + 1). What is the highest common factor of d and 40?
5
Let d = 0 + 2. Suppose 0 = d*p + p - 51. Calculate the highest common divisor of p and 34.
17
Let p(u) = u**3 + u**2 - u + 2. Let x be p(0). Let o be 153/6*(-6)/(-9). Let b = 33 - o. What is the highest common divisor of b and x?
2
Let y = 149 + -309. Let f be y/(-9) + (-22)/(-99). What is the greatest common factor of 90 and f?
18
Let p be (-2 - (2 - 1))*-1. Suppose 0 = -4*m + p*m + 20. What is the highest common divisor of 10 and m?
10
Let j = 37 + -19. What is the highest common factor of j and 2?
2
Suppose 2*y = 43 + 21. Let m = -20 + y. What is the highest common factor of 60 and m?
12
Let v be ((-6)/4)/((-1)/6). Let g be (-1 + 22)*11/((-44)/(-12)). Calculate the greatest common factor of g and v.
9
Suppose 37 = 4*b + 2*r + 13, 3*r + 4 = 2*b. Calculate the greatest common factor of 55 and b.
5
Suppose -479 - 456 = -5*i. Let z be 27/(-12) + (-1)/(-4). Let l be 2 + 2/(z/(-15)). Calculate the greatest common divisor of i and l.
17
Let a = -54 + 158. Calculate the highest common divisor of a and 8.
8
Let u(c) = -c**2 + 7*c - 4. Let r be u(5). Let b = 59 - 11. Calculate the highest common factor of r and b.
6
Suppose 0*x - 2*x = 0. Suppose i - 6*i + 20 = x. Suppose 4*m + 92 = -0*w + 2*w, -5*m - 196 = -i*w. Calculate the highest common divisor of 6 and w.
6
Let g(a) = a**3 + 5*a**2 - 9*a - 7. Let j be (-2)/(-10) + 93/(-15). Let l be g(j). Calculate the greatest common factor of l and 22.
11
Let p = -316 - -460. What is the greatest common factor of 16 and p?
16
Let w(f) = 2*f. Let i be w(1). Suppose i*v - 252 = -2*v. Suppose -5*j = -8*j + v. Calculate the highest common divisor of j and 63.
21
Let m be -4*(-2 + (-15)/6). What is the highest common divisor of m and 6?
6
Let h(q) = 3*q**3 - 2*q**2 + q. Let r be h(1). Let f(g) = 6 + 2*g**r - 1 - 4. Let a be f(1). What is the greatest common factor of a and 12?
3
Let l be 2/(-3) - 107/(-3). Suppose -3*f - 2*f + l = 0. Let b be -1 - (6/(-9) + 190/(-3)). Calculate the greatest common factor of f and b.
7
Let b be ((-2)/5)/(1/10). Let q(x) = -x**3 - 4*x**2 + 2. Let j be q(b). Calculate the greatest common factor of 18 and j.
2
Suppose -4*n = -9*n + 70. Calculate the highest common factor of 42 and n.
14
Suppose 6*y + 39 = 9*y. Suppose 2*v = 2*a - 0*v - 278, -5*a - v = -719. What is the highest common factor of y and a?
13
Let r(f) = -f**2 + 8*f - 2. Let o be r(8). Let l = 28 - 15. Let j = o + l. Calculate the greatest common divisor of j and 88.
11
Let n be (-1180)/(-14) + 6/(-21). Suppose k - 3*v = 6*k - 57, v = -1. What is the highest common divisor of n and k?
12
Let p(t) = -t**3 + 10*t**2 - 4*t + 3. Let g be p(9). Calculate the greatest common factor of g and 16.
16
Suppose -4*n + 16 = -4*m, -3*n - 3*m + 7 = -5. Suppose -5*a = 4*c + 1, -c + 2*a - 1 = -4. What is the greatest common factor of n and c?
1
Suppose 3*i = -2*i - 15. Let n be -1*i/((-9)/(-48)). Let u be (-158)/(-4) - (-2)/4. What is the greatest common factor of n and u?
8
Suppose -12*t = -691 + 43. What is the greatest common factor of t and 36?
18
Let t = 8 + 0. Suppose 3*w - 4 = -h - t, -30 = 5*w - 3*h. Let j be 1*(-3)/w + 1